43, 1013
What are the prime factors of 2632116?
2, 3, 43, 5101
List the prime factors of 226560.
2, 3, 5, 59
List the prime factors of 5516824.
2, 689603
List the prime factors of 10628956.
2, 13, 47, 4349
List the prime factors of 1830280.
2, 5, 45757
What are the prime factors of 16801290?
2, 3, 5, 11, 5657
What are the prime factors of 10664031?
3, 7, 31, 16381
List the prime factors of 11264156.
2, 773, 3643
What are the prime factors of 809995?
5, 161999
List the prime factors of 7408794.
2, 3, 1234799
List the prime factors of 561629.
17, 33037
List the prime factors of 1167049.
13, 107, 839
What are the prime factors of 699680?
2, 5, 4373
List the prime factors of 18312274.
2, 9156137
What are the prime factors of 513295?
5, 251, 409
List the prime factors of 25900.
2, 5, 7, 37
What are the prime factors of 298855?
5, 59771
List the prime factors of 1608784.
2, 100549
List the prime factors of 16308108.
2, 3, 31, 4871
What are the prime factors of 953491?
7, 11, 29, 61
List the prime factors of 594152.
2, 13, 29, 197
What are the prime factors of 622373?
149, 4177
What are the prime factors of 233702?
2, 7, 16693
List the prime factors of 1659651.
3, 7, 79031
What are the prime factors of 766354?
2, 29, 73, 181
List the prime factors of 2097289.
2097289
What are the prime factors of 11774940?
2, 3, 5, 443
List the prime factors of 9529210.
2, 5, 952921
List the prime factors of 6107589.
3, 31, 7297
What are the prime factors of 1539364?
2, 384841
What are the prime factors of 7865779?
47, 101, 1657
What are the prime factors of 1995250?
2, 5, 23, 347
What are the prime factors of 6028899?
3, 103, 109, 179
What are the prime factors of 10555185?
3, 5, 703679
What are the prime factors of 10939551?
3, 7, 17, 30643
What are the prime factors of 2637047?
7, 376721
What are the prime factors of 1097636?
2, 59, 4651
List the prime factors of 564989.
564989
List the prime factors of 189734.
2, 19, 4993
What are the prime factors of 2318068?
2, 579517
What are the prime factors of 42944?
2, 11, 61
List the prime factors of 596873.
23, 25951
List the prime factors of 1671779.
53, 31543
List the prime factors of 176958.
2, 3, 29, 113
What are the prime factors of 796414?
2, 398207
List the prime factors of 25051410.
2, 3, 5, 31, 41, 73
List the prime factors of 5963170.
2, 5, 596317
List the prime factors of 25970.
2, 5, 7, 53
List the prime factors of 768803.
7, 109829
What are the prime factors of 1369519?
71, 19289
List the prime factors of 249856.
2, 61
List the prime factors of 1337943.
3, 59, 7559
What are the prime factors of 3261612?
2, 3, 47, 5783
List the prime factors of 5245325.
5, 209813
List the prime factors of 504681.
3, 168227
List the prime factors of 3598781.
17, 211693
What are the prime factors of 8894192?
2, 23, 24169
List the prime factors of 400240.
2, 5, 5003
List the prime factors of 9460.
2, 5, 11, 43
List the prime factors of 15981292.
2, 17, 199, 1181
List the prime factors of 601239.
3, 17, 11789
What are the prime factors of 1106814?
2, 3, 29, 6361
What are the prime factors of 1177779?
3, 392593
List the prime factors of 10941011.
37, 295703
List the prime factors of 19433568.
2, 3, 7, 11, 239
List the prime factors of 48890.
2, 5, 4889
List the prime factors of 2336538.
2, 3, 173, 2251
What are the prime factors of 418630?
2, 5, 41863
What are the prime factors of 626582?
2, 11, 19, 1499
List the prime factors of 509277.
3, 53, 3203
List the prime factors of 16064.
2, 251
List the prime factors of 9487731.
3, 11, 59, 443
What are the prime factors of 29857?
73, 409
List the prime factors of 3604068.
2, 3, 13, 17, 151
List the prime factors of 22090660.
2, 5, 1104533
What are the prime factors of 400903?
400903
What are the prime factors of 152346?
2, 3, 25391
List the prime factors of 31668718.
2, 3449, 4591
What are the prime factors of 78460?
2, 5, 3923
List the prime factors of 1185293.
47, 25219
What are the prime factors of 1534168?
2, 37, 71, 73
What are the prime factors of 186459?
3, 7, 13, 683
What are the prime factors of 247076?
2, 19, 3251
What are the prime factors of 2985954?
2, 3, 497659
List the prime factors of 65277.
3, 7253
List the prime factors of 170160.
2, 3, 5, 709
List the prime factors of 686353.
686353
What are the prime factors of 1111015?
5, 23, 9661
List the prime factors of 1785135.
3, 5, 11, 31, 349
What are the prime factors of 1309663?
17, 41, 1879
What are the prime factors of 4350228?
2, 3, 227, 1597
List the prime factors of 215028.
2, 3, 11, 181
What are the prime factors of 212196?
2, 3, 17683
What are the prime factors of 4526647?
937, 4831
What are the prime factors of 211471?
13, 16267
What are the prime factors of 554662?
2, 277331
What are the prime factors of 633688?
2, 11, 19, 379
What are the prime factors of 1260184?
2, 157523
List the prime factors of 7742699.
7742699
What are the prime factors of 1763711?
71, 24841
What are the prime factors of 293289?
3, 59, 1657
List the prime factors of 6989517.
3, 258871
List the prime factors of 1731291.
3, 577097
List the prime factors of 4280688.
2, 3, 367
List the prime factors of 2123059.
73, 127, 229
List the prime factors of 1404117.
3, 11, 13, 1091
List the prime factors of 171657.
3, 19073
What are the prime factors of 10545721?
10545721
List the prime factors of 7207939.
2341, 3079
What are the prime factors of 268905?
3, 5, 7, 13, 197
List the prime factors of 10539906.
2, 3, 13, 163, 829
What are the prime factors of 9978594?
2, 3, 1663099
List the prime factors of 77293.
37, 2089
List the prime factors of 3558095.
5, 439, 1621
What are the prime factors of 30130584?
2, 3, 11, 61, 1871
List the prime factors of 315682.
2, 157841
List the prime factors of 212678.
2, 43, 2473
List the prime factors of 878962.
2, 7, 8969
List the prime factors of 3058972.
2, 7, 15607
What are the prime factors of 333290?
2, 5, 33329
What are the prime factors of 5101727?
53, 96259
List the prime factors of 1713170.
2, 5, 171317
What are the prime factors of 2106785?
5, 41, 43, 239
List the prime factors of 5730796.
2, 1432699
List the prime factors of 276195.
3, 5, 18413
What are the prime factors of 6436955?
5, 7, 353, 521
What are the prime factors of 4413121?
4413121
What are the prime factors of 341174?
2, 179, 953
What are the prime factors of 313462?
2, 19, 73, 113
What are the prime factors of 1256309?
29, 43321
What are the prime factors of 258512?
2, 107, 151
What are the prime factors of 666170?
2, 5, 66617
What are the prime factors of 1197195?
3, 5, 79813
What are the prime factors of 8664828?
2, 3, 722069
List the prime factors of 704616.
2, 3, 11, 17, 157
List the prime factors of 4349626.
2, 229, 9497
What are the prime factors of 6517056?
2, 3, 7, 13, 373
What are the prime factors of 109271?
113, 967
What are the prime factors of 2517053?
7, 11, 97, 337
What are the prime factors of 36014?
2, 11, 1637
List the prime factors of 299051.
97, 3083
What are the prime factors of 595039?
595039
List the prime factors of 1894202.
2, 109, 8689
What are the prime factors of 536255?
5, 107251
What are the prime factors of 116490?
2, 3, 5, 11, 353
What are the prime factors of 1894379?
31, 53, 1153
What are the prime factors of 5256901?
13, 19, 21283
What are the prime factors of 11788792?
2, 37, 39827
What are the prime factors of 253407?
3, 7, 11, 1097
What are the prime factors of 12856061?
389, 33049
List the prime factors of 4604047.
7, 811
What are the prime factors of 2117032?
2, 53, 4993
What are the prime factors of 1430991?
3, 23, 31, 223
What are the prime factors of 1723528?
2, 17, 19, 23, 29
List the prime factors of 135243.
3, 5009
List the prime factors of 1509380.
2, 5, 163, 463
List the prime factors of 47543.
47543
What are the prime factors of 918027?
3, 11, 281
List the prime factors of 38513.
19, 2027
List the prime factors of 152824.
2, 7, 2729
List the prime factors of 4817504.
2, 151, 997
List the prime factors of 32031972.
2, 3, 7, 79, 1609
What are the prime factors of 31980267?
3, 11, 107, 3019
What are the prime factors of 5158362?
2, 3, 11, 78157
What are the prime factors of 1336753?
11, 121523
List the prime factors of 800765.
5, 7, 137, 167
What are the prime factors of 8062799?
8062799
List th